{"id":1429,"date":"2022-09-01T14:57:57","date_gmt":"2022-09-01T14:57:57","guid":{"rendered":"https:\/\/www.psicologiacolmenar.es\/psicologo\/?page_id=1429"},"modified":"2022-09-15T10:41:57","modified_gmt":"2022-09-15T10:41:57","slug":"preguntas-frecuentes-de-psicologia-infantil","status":"publish","type":"page","link":"https:\/\/www.psicologiacolmenar.es\/psicologo\/preguntas-frecuentes-de-psicologia-infantil\/","title":{"rendered":"PREGUNTAS FRECUENTES DE PSICOLOG\u00cdA INFANTIL"},"content":{"rendered":"<p>[et_pb_section fb_built=\u00bb1&#8243; admin_label=\u00bbHeader\u00bb _builder_version=\u00bb4.18.0&#8243; _module_preset=\u00bbdefault\u00bb use_background_color_gradient=\u00bbon\u00bb background_color_gradient_stops=\u00bb#2e5b61 25%|rgba(46,91,97,0) 100%\u00bb background_color_gradient_overlays_image=\u00bbon\u00bb background_image=\u00bbhttps:\/\/www.psicologiacolmenar.es\/psicologo\/wp-content\/uploads\/2017\/07\/ninos-y-jovenes-terapia-psicologos.jpg\u00bb background_position=\u00bbtop_center\u00bb background_vertical_offset=\u00bb0%\u00bb custom_padding=\u00bb||16vw||false|false\u00bb collapsed=\u00bbon\u00bb global_colors_info=\u00bb{}\u00bb][et_pb_row _builder_version=\u00bb4.17.3&#8243; _module_preset=\u00bbdefault\u00bb width=\u00bb70%\u00bb width_tablet=\u00bb80%\u00bb width_phone=\u00bb80%\u00bb width_last_edited=\u00bbon|tablet\u00bb global_colors_info=\u00bb{}\u00bb][et_pb_column type=\u00bb4_4&#8243; _builder_version=\u00bb4.17.1&#8243; _module_preset=\u00bbdefault\u00bb global_colors_info=\u00bb{}\u00bb][et_pb_text _builder_version=\u00bb4.18.0&#8243; _module_preset=\u00bbc16985e1-e0d6-4022-964d-e2bfc04fa633&#8243; text_text_color=\u00bb#FFFFFF\u00bb header_font=\u00bbCormorant Garamond|700|||||||\u00bb header_text_color=\u00bb#E1ECEA\u00bb header_font_size=\u00bb90px\u00bb header_line_height=\u00bb1.1em\u00bb text_orientation=\u00bbcenter\u00bb module_alignment=\u00bbcenter\u00bb custom_margin=\u00bb||0px||false|false\u00bb header_font_size_tablet=\u00bb40px\u00bb header_font_size_phone=\u00bb24px\u00bb header_font_size_last_edited=\u00bbon|desktop\u00bb global_colors_info=\u00bb{}\u00bb]<\/p>\n<p><span style=\"font-size: xx-large;\">PREGUNTAS FRECUENTES PSICOLOG\u00cdA INFANTIL<\/span><\/p>\n<p>[\/et_pb_text][\/et_pb_column][\/et_pb_row][et_pb_row _builder_version=\u00bb4.17.3&#8243; _module_preset=\u00bbdefault\u00bb positioning=\u00bbabsolute\u00bb position_origin_a=\u00bbbottom_center\u00bb vertical_offset=\u00bb-1px\u00bb width=\u00bb100%\u00bb max_width=\u00bb100%\u00bb custom_padding=\u00bb||0px||false|false\u00bb global_colors_info=\u00bb{}\u00bb][et_pb_column type=\u00bb4_4&#8243; _builder_version=\u00bb4.17.3&#8243; _module_preset=\u00bbdefault\u00bb global_colors_info=\u00bb{}\u00bb][et_pb_image src=\u00bbhttps:\/\/www.psicologiacolmenar.es\/psicologo\/wp-content\/uploads\/2022\/09\/therapy-17.png\u00bb title_text=\u00bbtherapy 17&#8243; force_fullwidth=\u00bbon\u00bb _builder_version=\u00bb4.17.3&#8243; _module_preset=\u00bbdefault\u00bb global_colors_info=\u00bb{}\u00bb][\/et_pb_image][\/et_pb_column][\/et_pb_row][\/et_pb_section][et_pb_section fb_built=\u00bb1&#8243; admin_label=\u00bbFAQ\u00bb _builder_version=\u00bb4.17.3&#8243; _module_preset=\u00bbdefault\u00bb top_divider_flip=\u00bbhorizontal\u00bb collapsed=\u00bbon\u00bb global_colors_info=\u00bb{}\u00bb][et_pb_row custom_padding_last_edited=\u00bbon|phone\u00bb _builder_version=\u00bb4.18.0&#8243; _module_preset=\u00bbdefault\u00bb use_background_color_gradient=\u00bbon\u00bb background_color_gradient_stops=\u00bb#e5e8f0 45%|rgba(229,232,240,0) 80%\u00bb transform_scale=\u00bb109%|100%\u00bb transform_scale_linked=\u00bboff\u00bb custom_margin=\u00bb-15vw||||false|false\u00bb custom_margin_tablet=\u00bb-21vw||||false|false\u00bb custom_margin_phone=\u00bb||||false|false\u00bb custom_margin_last_edited=\u00bboff|desktop\u00bb custom_padding=\u00bb80px|80px|80px|80px|true|true\u00bb custom_padding_tablet=\u00bb30px|20px|30px|20px|true|true\u00bb custom_padding_phone=\u00bb20px|0px|20px|0px|true|true\u00bb global_colors_info=\u00bb{}\u00bb][et_pb_column type=\u00bb4_4&#8243; _builder_version=\u00bb4.17.3&#8243; _module_preset=\u00bbdefault\u00bb global_colors_info=\u00bb{}\u00bb][et_pb_accordion open_toggle_text_color=\u00bb#22434A\u00bb open_toggle_background_color=\u00bbRGBA(255,255,255,0)\u00bb closed_toggle_background_color=\u00bbRGBA(255,255,255,0)\u00bb toggle_icon=\u00bb&#x50;||divi||400&#8243; icon_color=\u00bb#22434A\u00bb _builder_version=\u00bb4.18.0&#8243; _module_preset=\u00bbdefault\u00bb toggle_text_color=\u00bb#22434A\u00bb toggle_font=\u00bbInter|700|||||||\u00bb toggle_font_size=\u00bb22px\u00bb toggle_line_height=\u00bb1.2em\u00bb body_font=\u00bbInter||||||||\u00bb body_text_color=\u00bb#22434A\u00bb body_font_size=\u00bb18px\u00bb body_line_height=\u00bb1.8em\u00bb min_height=\u00bb1435.5px\u00bb toggle_font_size_tablet=\u00bb16px\u00bb toggle_font_size_phone=\u00bb13px\u00bb toggle_font_size_last_edited=\u00bbon|desktop\u00bb body_font_size_tablet=\u00bb16px\u00bb body_font_size_phone=\u00bb14px\u00bb body_font_size_last_edited=\u00bbon|phone\u00bb border_width_all=\u00bb0px\u00bb border_width_bottom=\u00bb1px\u00bb border_color_bottom=\u00bbrgba(46,91,97,0.2)\u00bb global_colors_info=\u00bb{}\u00bb][et_pb_accordion_item title=\u00bb\u00bfQu\u00e9 es un Psic\u00f3logo\/a infantojuvenil?\u00bb open=\u00bboff\u00bb _builder_version=\u00bb4.17.1&#8243; _module_preset=\u00bbdefault\u00bb global_colors_info=\u00bb{}\u00bb]<\/p>\n<p>El psic\u00f3logo infantil es un psic\u00f3logo que se ha especializado en las problem\u00e1ticas que presentan ni\u00f1os\/as y adolescentes y que dispone de las habilidades necesarias para trabajar con dicha poblaci\u00f3n.<\/p>\n<p>Por supuesto si ejerce su profesi\u00f3n ha de estar colegiado en el Colegio Oficial de Psic\u00f3logos de su comunidad aut\u00f3noma.<\/p>\n<p>Es un profesional cuya tarea consiste en ayudar a resolver problemas y proporcionar una orientaci\u00f3n.<\/p>\n<p>[\/et_pb_accordion_item][et_pb_accordion_item title=\u00bb\u00bfComo ha de prepararse al ni\u00f1o\/a para acudir al Psic\u00f3logo?\u00bb _builder_version=\u00bb4.17.1&#8243; _module_preset=\u00bbdefault\u00bb global_colors_info=\u00bb{}\u00bb open=\u00bboff\u00bb]<\/p>\n<p>El ni\u00f1o\/a que acude al psic\u00f3logo debe saber a d\u00f3nde va. Es conveniente que los padres expliquen con detalle qu\u00e9 es un psic\u00f3logo y para qu\u00e9 acuden a la consulta. Para ello es importante que previamente se informen acerca de la forma de trabajar del psic\u00f3logo\/a al que van a acudir.<\/p>\n<p>Se debe actuar con normalidad, igual que cuando le llevamos al dentista, al pediatra, a las clases de apoyo y en definitiva a cualquier profesional. Lo ideal es que se le explique que el psic\u00f3logo\/a es una persona que va a hacer que las cosas mejoren para toda la familia. Le tiene que quedar claro que va a ser un trabajo en conjunto, es decir, el psic\u00f3logo, el ni\u00f1o, pap\u00e1, mam\u00e1, etc. Tambi\u00e9n le ayudar\u00e1 saber que aparte de hablar en las sesiones tambi\u00e9n se podr\u00e1n hacer juegos y pasarlo bien.<\/p>\n<p>[\/et_pb_accordion_item][et_pb_accordion_item title=\u00bb\u00bfCu\u00e1ndo consultar a un Psic\u00f3logo infantil?\u00bb _builder_version=\u00bb4.17.1&#8243; _module_preset=\u00bbdefault\u00bb global_colors_info=\u00bb{}\u00bb open=\u00bboff\u00bb]<\/p>\n<p>De forma general se puede decir que convendr\u00eda acudir al psic\u00f3logo cuando exista una situaci\u00f3n que provoque un malestar significativo, que se prolonga en el tiempo y que genera una alteraci\u00f3n en alguna de las \u00e1reas importantes de la vida: familiar, escolar, social, personal etc.<\/p>\n<p>Pedir ayuda al profesional especializado implica afrontar el problema y es el primer paso para solucionarlo. En ocasiones pueden surgir dudas sobre si el problema ser\u00e1 tan grave como para acudir a un psic\u00f3logo.<\/p>\n<p>Lo importante es ser conscientes de que, si es una situaci\u00f3n continuada y que perturba la din\u00e1mica familiar, es buena idea consultar con el especialista y \u00e9l o ella nos indicar\u00e1 la gravedad o dificultad real de la situaci\u00f3n.<\/p>\n<p>En ocasiones existen problemas que no requieren una larga intervenci\u00f3n, tan solo unas pocas sesiones pueden dar soluci\u00f3n a la problem\u00e1tica.<\/p>\n<p>[\/et_pb_accordion_item][et_pb_accordion_item title=\u00bbVentajas de realizar una atenci\u00f3n Temprana\u00bb _builder_version=\u00bb4.17.1&#8243; _module_preset=\u00bbdefault\u00bb global_colors_info=\u00bb{}\u00bb open=\u00bbon\u00bb]<\/p>\n<p>Una intervenci\u00f3n a tiempo puede prevenir problemas mucho m\u00e1s complicados, con ello evitaremos que los problemas se hagan mayores.\u00a0<\/p>\n<p>Ejemplo: imaginemos que vuestro hijo\/a empieza a tener rabietas. Si est\u00e1 situaci\u00f3n no se controla a tiempo las rabietas pueden aumentar de forma significativa y llegar a establecerse como pauta habitual de conducta.A medida que el ni\u00f1o\/a crezca y se desarrolle, aumentar\u00e1n sus habilidades y las rabietas pueden cambiar convirti\u00e9ndose por ejemplo en conductas agresivas (golpes, patadas, lanzar objetos, etc.).<\/p>\n<p>[\/et_pb_accordion_item][et_pb_accordion_item title=\u00bbEl papel de los padres\u00bb _builder_version=\u00bb4.17.1&#8243; _module_preset=\u00bbdefault\u00bb global_colors_info=\u00bb{}\u00bb open=\u00bboff\u00bb]<\/p>\n<p>El papel de los padres es muy importante, un ni\u00f1o\/a nunca va a asistir a terapia a iniciativa propia. Puede que sea consciente de que algo le pasa, pero no est\u00e1 entrenado para pedir ayuda y \u00fanicamente emitir\u00e1 se\u00f1ales que nosotros los adultos tenemos que saber identificar e incluso a veces descifrar.<\/p>\n<p>Por ello es imprescindible acudir a la consulta de un psic\u00f3logo\/a con la idea clara de implicarse en las sesiones. El profesional os guiar\u00e1, asesorar\u00e1 y ayudar\u00e1. La tarea de los padres va a consistir b\u00e1sicamente en recibir la orientaci\u00f3n y las pautas apropiadas en cada caso y en ponerlas en pr\u00e1ctica en la vida diaria.<\/p>\n<p>[\/et_pb_accordion_item][\/et_pb_accordion][\/et_pb_column][\/et_pb_row][et_pb_row column_structure=\u00bb1_2,1_2&#8243; _builder_version=\u00bb4.18.0&#8243; _module_preset=\u00bbdefault\u00bb global_colors_info=\u00bb{}\u00bb][et_pb_column type=\u00bb1_2&#8243; _builder_version=\u00bb4.18.0&#8243; _module_preset=\u00bbdefault\u00bb global_colors_info=\u00bb{}\u00bb][et_pb_button button_url=\u00bb@ET-DC@eyJkeW5hbWljIjp0cnVlLCJjb250ZW50IjoicG9zdF9saW5rX3VybF9wYWdlIiwic2V0dGluZ3MiOnsicG9zdF9pZCI6IjEzODAifX0=@\u00bb button_text=\u00bbFAQS DE PSICOLOG\u00cdA GENERAL\u00bb button_alignment=\u00bbcenter\u00bb _builder_version=\u00bb4.18.0&#8243; _dynamic_attributes=\u00bbbutton_url\u00bb _module_preset=\u00bbdefault\u00bb global_colors_info=\u00bb{}\u00bb][\/et_pb_button][\/et_pb_column][et_pb_column type=\u00bb1_2&#8243; _builder_version=\u00bb4.18.0&#8243; _module_preset=\u00bbdefault\u00bb global_colors_info=\u00bb{}\u00bb][et_pb_button button_url=\u00bb@ET-DC@eyJkeW5hbWljIjp0cnVlLCJjb250ZW50IjoicG9zdF9saW5rX3VybF9wYWdlIiwic2V0dGluZ3MiOnsicG9zdF9pZCI6IjE0MzUifX0=@\u00bb button_text=\u00bbFAQS DE TERAPIA DE PAREJA\u00bb button_alignment=\u00bbcenter\u00bb _builder_version=\u00bb4.18.0&#8243; _dynamic_attributes=\u00bbbutton_url\u00bb _module_preset=\u00bbdefault\u00bb locked=\u00bboff\u00bb global_colors_info=\u00bb{}\u00bb][\/et_pb_button][\/et_pb_column][\/et_pb_row][\/et_pb_section]<\/p>\n","protected":false},"excerpt":{"rendered":"<p>PREGUNTAS FRECUENTES PSICOLOG\u00cdA INFANTILEl psic\u00f3logo infantil es un psic\u00f3logo que se ha especializado en las problem\u00e1ticas que presentan ni\u00f1os\/as y adolescentes y que dispone de las habilidades necesarias para trabajar con dicha poblaci\u00f3n. Por supuesto si ejerce su profesi\u00f3n ha de estar colegiado en el Colegio Oficial de Psic\u00f3logos de su comunidad aut\u00f3noma. Es un [&hellip;]<\/p>\n","protected":false},"author":3,"featured_media":0,"parent":0,"menu_order":0,"comment_status":"closed","ping_status":"closed","template":"","meta":{"_et_pb_use_builder":"on","_et_pb_old_content":"","_et_gb_content_width":"","footnotes":""},"class_list":["post-1429","page","type-page","status-publish","hentry"],"yoast_head":"<!-- This site is optimized with the Yoast SEO Premium plugin v19.2.1 (Yoast SEO v27.6) - https:\/\/yoast.com\/product\/yoast-seo-premium-wordpress\/ -->\n<title>PREGUNTAS FRECUENTES PSICOLOG\u00cdA INFANTIL - Avanza<\/title>\n<meta name=\"description\" content=\"El psic\u00f3logo infantil se ha especializado en las problem\u00e1ticas que presentan tanto los ni\u00f1os\/as como los adolescentes.\" \/>\n<meta name=\"robots\" content=\"index, follow, max-snippet:-1, max-image-preview:large, max-video-preview:-1\" \/>\n<link rel=\"canonical\" href=\"https:\/\/www.psicologiacolmenar.es\/psicologo\/preguntas-frecuentes-de-psicologia-infantil\/\" \/>\n<meta property=\"og:locale\" content=\"es_ES\" \/>\n<meta property=\"og:type\" content=\"article\" \/>\n<meta property=\"og:title\" content=\"PREGUNTAS FRECUENTES DE PSICOLOG\u00cdA INFANTIL\" \/>\n<meta property=\"og:url\" content=\"https:\/\/www.psicologiacolmenar.es\/psicologo\/preguntas-frecuentes-de-psicologia-infantil\/\" \/>\n<meta property=\"og:site_name\" content=\"Psicologos en Colmenar Viejo Madrid\" \/>\n<meta property=\"article:publisher\" content=\"https:\/\/www.facebook.com\/psicologocolmenar\/\" \/>\n<meta property=\"article:modified_time\" content=\"2022-09-15T10:41:57+00:00\" \/>\n<meta name=\"twitter:card\" content=\"summary_large_image\" \/>\n<meta name=\"twitter:site\" content=\"@jmsanmartinps1\" \/>\n<script type=\"application\/ld+json\" class=\"yoast-schema-graph\">{\"@context\":\"https:\\\/\\\/schema.org\",\"@graph\":[{\"@type\":\"WebPage\",\"@id\":\"https:\\\/\\\/www.psicologiacolmenar.es\\\/psicologo\\\/preguntas-frecuentes-de-psicologia-infantil\\\/\",\"url\":\"https:\\\/\\\/www.psicologiacolmenar.es\\\/psicologo\\\/preguntas-frecuentes-de-psicologia-infantil\\\/\",\"name\":\"PREGUNTAS FRECUENTES PSICOLOG\u00cdA INFANTIL - Avanza\",\"isPartOf\":{\"@id\":\"https:\\\/\\\/www.psicologiacolmenar.es\\\/psicologo\\\/#website\"},\"datePublished\":\"2022-09-01T14:57:57+00:00\",\"dateModified\":\"2022-09-15T10:41:57+00:00\",\"description\":\"El psic\u00f3logo infantil se ha especializado en las problem\u00e1ticas que presentan tanto los ni\u00f1os\\\/as como los adolescentes.\",\"breadcrumb\":{\"@id\":\"https:\\\/\\\/www.psicologiacolmenar.es\\\/psicologo\\\/preguntas-frecuentes-de-psicologia-infantil\\\/#breadcrumb\"},\"inLanguage\":\"es\",\"potentialAction\":[{\"@type\":\"ReadAction\",\"target\":[\"https:\\\/\\\/www.psicologiacolmenar.es\\\/psicologo\\\/preguntas-frecuentes-de-psicologia-infantil\\\/\"]}]},{\"@type\":\"BreadcrumbList\",\"@id\":\"https:\\\/\\\/www.psicologiacolmenar.es\\\/psicologo\\\/preguntas-frecuentes-de-psicologia-infantil\\\/#breadcrumb\",\"itemListElement\":[{\"@type\":\"ListItem\",\"position\":1,\"name\":\"Portada\",\"item\":\"https:\\\/\\\/www.psicologiacolmenar.es\\\/psicologo\\\/\"},{\"@type\":\"ListItem\",\"position\":2,\"name\":\"PREGUNTAS FRECUENTES DE PSICOLOG\u00cdA INFANTIL\"}]},{\"@type\":\"WebSite\",\"@id\":\"https:\\\/\\\/www.psicologiacolmenar.es\\\/psicologo\\\/#website\",\"url\":\"https:\\\/\\\/www.psicologiacolmenar.es\\\/psicologo\\\/\",\"name\":\"Psicologos en Colmenar Viejo Madrid\",\"description\":\"Gabinete de psicologos y Centro de psicolog\u00eda en Colmenar Viejo\",\"potentialAction\":[{\"@type\":\"SearchAction\",\"target\":{\"@type\":\"EntryPoint\",\"urlTemplate\":\"https:\\\/\\\/www.psicologiacolmenar.es\\\/psicologo\\\/?s={search_term_string}\"},\"query-input\":{\"@type\":\"PropertyValueSpecification\",\"valueRequired\":true,\"valueName\":\"search_term_string\"}}],\"inLanguage\":\"es\"}]}<\/script>\n<!-- \/ Yoast SEO Premium plugin. -->","yoast_head_json":{"title":"PREGUNTAS FRECUENTES PSICOLOG\u00cdA INFANTIL - Avanza","description":"El psic\u00f3logo infantil se ha especializado en las problem\u00e1ticas que presentan tanto los ni\u00f1os\/as como los adolescentes.","robots":{"index":"index","follow":"follow","max-snippet":"max-snippet:-1","max-image-preview":"max-image-preview:large","max-video-preview":"max-video-preview:-1"},"canonical":"https:\/\/www.psicologiacolmenar.es\/psicologo\/preguntas-frecuentes-de-psicologia-infantil\/","og_locale":"es_ES","og_type":"article","og_title":"PREGUNTAS FRECUENTES DE PSICOLOG\u00cdA INFANTIL","og_url":"https:\/\/www.psicologiacolmenar.es\/psicologo\/preguntas-frecuentes-de-psicologia-infantil\/","og_site_name":"Psicologos en Colmenar Viejo Madrid","article_publisher":"https:\/\/www.facebook.com\/psicologocolmenar\/","article_modified_time":"2022-09-15T10:41:57+00:00","twitter_card":"summary_large_image","twitter_site":"@jmsanmartinps1","schema":{"@context":"https:\/\/schema.org","@graph":[{"@type":"WebPage","@id":"https:\/\/www.psicologiacolmenar.es\/psicologo\/preguntas-frecuentes-de-psicologia-infantil\/","url":"https:\/\/www.psicologiacolmenar.es\/psicologo\/preguntas-frecuentes-de-psicologia-infantil\/","name":"PREGUNTAS FRECUENTES PSICOLOG\u00cdA INFANTIL - Avanza","isPartOf":{"@id":"https:\/\/www.psicologiacolmenar.es\/psicologo\/#website"},"datePublished":"2022-09-01T14:57:57+00:00","dateModified":"2022-09-15T10:41:57+00:00","description":"El psic\u00f3logo infantil se ha especializado en las problem\u00e1ticas que presentan tanto los ni\u00f1os\/as como los adolescentes.","breadcrumb":{"@id":"https:\/\/www.psicologiacolmenar.es\/psicologo\/preguntas-frecuentes-de-psicologia-infantil\/#breadcrumb"},"inLanguage":"es","potentialAction":[{"@type":"ReadAction","target":["https:\/\/www.psicologiacolmenar.es\/psicologo\/preguntas-frecuentes-de-psicologia-infantil\/"]}]},{"@type":"BreadcrumbList","@id":"https:\/\/www.psicologiacolmenar.es\/psicologo\/preguntas-frecuentes-de-psicologia-infantil\/#breadcrumb","itemListElement":[{"@type":"ListItem","position":1,"name":"Portada","item":"https:\/\/www.psicologiacolmenar.es\/psicologo\/"},{"@type":"ListItem","position":2,"name":"PREGUNTAS FRECUENTES DE PSICOLOG\u00cdA INFANTIL"}]},{"@type":"WebSite","@id":"https:\/\/www.psicologiacolmenar.es\/psicologo\/#website","url":"https:\/\/www.psicologiacolmenar.es\/psicologo\/","name":"Psicologos en Colmenar Viejo Madrid","description":"Gabinete de psicologos y Centro de psicolog\u00eda en Colmenar Viejo","potentialAction":[{"@type":"SearchAction","target":{"@type":"EntryPoint","urlTemplate":"https:\/\/www.psicologiacolmenar.es\/psicologo\/?s={search_term_string}"},"query-input":{"@type":"PropertyValueSpecification","valueRequired":true,"valueName":"search_term_string"}}],"inLanguage":"es"}]}},"_links":{"self":[{"href":"https:\/\/www.psicologiacolmenar.es\/psicologo\/wp-json\/wp\/v2\/pages\/1429","targetHints":{"allow":["GET"]}}],"collection":[{"href":"https:\/\/www.psicologiacolmenar.es\/psicologo\/wp-json\/wp\/v2\/pages"}],"about":[{"href":"https:\/\/www.psicologiacolmenar.es\/psicologo\/wp-json\/wp\/v2\/types\/page"}],"author":[{"embeddable":true,"href":"https:\/\/www.psicologiacolmenar.es\/psicologo\/wp-json\/wp\/v2\/users\/3"}],"replies":[{"embeddable":true,"href":"https:\/\/www.psicologiacolmenar.es\/psicologo\/wp-json\/wp\/v2\/comments?post=1429"}],"version-history":[{"count":5,"href":"https:\/\/www.psicologiacolmenar.es\/psicologo\/wp-json\/wp\/v2\/pages\/1429\/revisions"}],"predecessor-version":[{"id":1455,"href":"https:\/\/www.psicologiacolmenar.es\/psicologo\/wp-json\/wp\/v2\/pages\/1429\/revisions\/1455"}],"wp:attachment":[{"href":"https:\/\/www.psicologiacolmenar.es\/psicologo\/wp-json\/wp\/v2\/media?parent=1429"}],"curies":[{"name":"wp","href":"https:\/\/api.w.org\/{rel}","templated":true}]}}