{"id":52,"date":"2017-07-24T09:03:26","date_gmt":"2017-07-24T09:03:26","guid":{"rendered":"http:\/\/psicologiacolmenar.es\/psicologo\/?page_id=52"},"modified":"2020-10-15T15:25:47","modified_gmt":"2020-10-15T15:25:47","slug":"centros-especiales-de-empleo","status":"publish","type":"page","link":"https:\/\/www.psicologiacolmenar.es\/psicologo\/centros-especiales-de-empleo\/","title":{"rendered":"Centros Especiales de Empleo Planes de ajuste intervencion empleo social externalizaci\u00f3n de servicios"},"content":{"rendered":"<p>[et_pb_section fb_built=\u00bb1&#8243; fullwidth=\u00bbon\u00bb _builder_version=\u00bb3.22&#8243; disabled=\u00bbon\u00bb][et_pb_fullwidth_header title=\u00bbCENTROS ESPECIALES DE EMPLEO\u00bb background_overlay_color=\u00bbrgba(37,91,125,0.3)\u00bb _builder_version=\u00bb3.16&#8243; background_color=\u00bbrgba(255, 255, 255, 0)\u00bb background_image=\u00bbhttps:\/\/psicologiacolmenar.es\/psicologo\/wp-content\/uploads\/2017\/07\/personas-discapacitadas-psicologo-madrid.jpg\u00bb button_one_text_size__hover_enabled=\u00bboff\u00bb button_two_text_size__hover_enabled=\u00bboff\u00bb button_one_text_color__hover_enabled=\u00bboff\u00bb button_two_text_color__hover_enabled=\u00bboff\u00bb button_one_border_width__hover_enabled=\u00bboff\u00bb button_two_border_width__hover_enabled=\u00bboff\u00bb button_one_border_color__hover_enabled=\u00bboff\u00bb button_two_border_color__hover_enabled=\u00bboff\u00bb button_one_border_radius__hover_enabled=\u00bboff\u00bb button_two_border_radius__hover_enabled=\u00bboff\u00bb button_one_letter_spacing__hover_enabled=\u00bboff\u00bb button_two_letter_spacing__hover_enabled=\u00bboff\u00bb button_one_bg_color__hover_enabled=\u00bboff\u00bb button_two_bg_color__hover_enabled=\u00bboff\u00bb]&nbsp;<br \/>\n[\/et_pb_fullwidth_header][\/et_pb_section][et_pb_section fb_built=\u00bb1&#8243; _builder_version=\u00bb3.22&#8243;][et_pb_row _builder_version=\u00bb3.25&#8243; background_size=\u00bbinitial\u00bb background_position=\u00bbtop_left\u00bb background_repeat=\u00bbrepeat\u00bb column_structure=\u00bb1_3,2_3&#8243;][et_pb_column type=\u00bb1_3&#8243; _builder_version=\u00bb3.25&#8243; custom_padding=\u00bb|||\u00bb custom_padding__hover=\u00bb|||\u00bb][et_pb_image src=\u00bbhttps:\/\/psicologiacolmenar.es\/psicologo\/wp-content\/uploads\/2017\/07\/personas-discapacitadas-psicologos-madrid.jpg\u00bb alt=\u00bbAvanza Gabinete de Psicolog\u00eda &#8211; Centros Especiales de Empleo\u00bb align=\u00bbcenter\u00bb align_tablet=\u00bbcenter\u00bb align_last_edited=\u00bbon|desktop\u00bb _builder_version=\u00bb3.23&#8243; animation_style=\u00bbslide\u00bb animation_direction=\u00bbleft\u00bb animation_duration=\u00bb500ms\u00bb animation_intensity_slide=\u00bb10%\u00bb custom_css_main_element=\u00bb-webkit-clip-path: polygon(100% 0, 100% 94%, 15% 100%, 0 94%, 0 0);||clip-path: polygon(100% 0, 100% 94%, 15% 100%, 0 94%, 0 0);\u00bb border_style=\u00bbsolid\u00bb sticky=\u00bboff\u00bb]&nbsp;<br \/>\n[\/et_pb_image][\/et_pb_column][et_pb_column type=\u00bb2_3&#8243; _builder_version=\u00bb3.25&#8243; custom_padding=\u00bb|||\u00bb custom_padding__hover=\u00bb|||\u00bb][et_pb_text _builder_version=\u00bb3.27.4&#8243; background_size=\u00bbinitial\u00bb background_position=\u00bbtop_left\u00bb background_repeat=\u00bbrepeat\u00bb border_style=\u00bbsolid\u00bb]<\/p>\n<h2 style=\"text-align: justify;\">Nuestros servicios en\u00a0Centros Especiales de Empleo<\/h2>\n<p style=\"text-align: justify;\">Titulado Universitario en Integraci\u00f3n Socio laboral de Personas con Discapacidad.<\/p>\n<p style=\"text-align: justify;\">Amplia experiencia como t\u00e9cnico de grado superior de las Unidades de Apoyo para Trabajadores con discapacitad, elaborando los Planes de Ajuste Personal y Social.<\/p>\n<p style=\"text-align: justify;\">Realizamos los Planes de Ajuste de Personal y Social para Centros Especiales de Empleo.<\/p>\n<p style=\"text-align: justify;\">Realizaci\u00f3n de la intervenci\u00f3n dentro del CEE: terap\u00e9utica individual, terap\u00e9utica grupal, desarrollo personal y social (cursos y talleres de formaci\u00f3n), cultura y deporte (ocio terap\u00e9utico), y elaboraci\u00f3n de memoria global de SAPS.<\/p>\n<p>[\/et_pb_text][\/et_pb_column][\/et_pb_row][\/et_pb_section]<\/p>\n","protected":false},"excerpt":{"rendered":"<p>&nbsp; &nbsp; Nuestros servicios en\u00a0Centros Especiales de Empleo Titulado Universitario en Integraci\u00f3n Socio laboral de Personas con Discapacidad. Amplia experiencia como t\u00e9cnico de grado superior de las Unidades de Apoyo para Trabajadores con discapacitad, elaborando los Planes de Ajuste Personal y Social. Realizamos los Planes de Ajuste de Personal y Social para Centros Especiales de [&hellip;]<\/p>\n","protected":false},"author":2,"featured_media":0,"parent":0,"menu_order":0,"comment_status":"closed","ping_status":"closed","template":"","meta":{"_et_pb_use_builder":"on","_et_pb_old_content":"<strong><u>PESTA\u00d1A CENTROS ESPECIALES DE EMPLEO<\/u><\/strong>\r\n\r\n<strong><u>\u00a0<\/u><\/strong>\r\n\r\nSomos titulados universitarios en Integraci\u00f3n Socio laboral de Personas con Discapacidad.\r\n\r\nAmplia experiencia como t\u00e9cnico de grado superior de las Unidades de Apoyo para Trabajadores Discapacitados, elaborando los Planes de Ajuste Personal y Social.\r\n\r\nRealizamos los Planes de Ajuste de Personal y Social para Centros Especiales de Empleo.\r\n\r\nRealizaci\u00f3n de la intervenci\u00f3n dentro del CEE: terap\u00e9utica individual, terap\u00e9utica grupal, desarrollo personal y social (cursos y talleres de formaci\u00f3n), cultura y deporte (ocio terap\u00e9utico), y elaboraci\u00f3n de memoria global de SAPS.","_et_gb_content_width":"","footnotes":""},"class_list":["post-52","page","type-page","status-publish","hentry"],"yoast_head":"<!-- This site is optimized with the Yoast SEO Premium plugin v19.2.1 (Yoast SEO v27.6) - https:\/\/yoast.com\/product\/yoast-seo-premium-wordpress\/ -->\n<title>Avanza Gabinete de Psicolog\u00eda - Centros Especiales de Empleo<\/title>\n<meta name=\"description\" content=\"En Avanza Gabinete de Psicolog\u00eda en Colmenar Viejo, Madrid, realizamos los planes de ajuste de personal y social para centros especiales de empleo.\" \/>\n<meta name=\"robots\" content=\"index, follow, max-snippet:-1, max-image-preview:large, max-video-preview:-1\" \/>\n<link rel=\"canonical\" href=\"https:\/\/www.psicologiacolmenar.es\/psicologo\/centros-especiales-de-empleo\/\" \/>\n<meta property=\"og:locale\" content=\"es_ES\" \/>\n<meta property=\"og:type\" content=\"article\" \/>\n<meta property=\"og:title\" content=\"Centros Especiales de Empleo Planes de ajuste intervencion empleo social externalizaci\u00f3n de servicios\" \/>\n<meta property=\"og:url\" content=\"https:\/\/www.psicologiacolmenar.es\/psicologo\/centros-especiales-de-empleo\/\" \/>\n<meta property=\"og:site_name\" content=\"Psicologos en Colmenar Viejo Madrid\" \/>\n<meta property=\"article:publisher\" content=\"https:\/\/www.facebook.com\/psicologocolmenar\/\" \/>\n<meta property=\"article:modified_time\" content=\"2020-10-15T15:25:47+00:00\" \/>\n<meta name=\"twitter:card\" content=\"summary_large_image\" \/>\n<meta name=\"twitter:site\" content=\"@jmsanmartinps1\" \/>\n<meta name=\"twitter:label1\" content=\"Tiempo de lectura\" \/>\n\t<meta name=\"twitter:data1\" content=\"2 minutos\" \/>\n<script type=\"application\/ld+json\" class=\"yoast-schema-graph\">{\"@context\":\"https:\\\/\\\/schema.org\",\"@graph\":[{\"@type\":\"WebPage\",\"@id\":\"https:\\\/\\\/www.psicologiacolmenar.es\\\/psicologo\\\/centros-especiales-de-empleo\\\/\",\"url\":\"https:\\\/\\\/www.psicologiacolmenar.es\\\/psicologo\\\/centros-especiales-de-empleo\\\/\",\"name\":\"Avanza Gabinete de Psicolog\u00eda - Centros Especiales de Empleo\",\"isPartOf\":{\"@id\":\"https:\\\/\\\/www.psicologiacolmenar.es\\\/psicologo\\\/#website\"},\"datePublished\":\"2017-07-24T09:03:26+00:00\",\"dateModified\":\"2020-10-15T15:25:47+00:00\",\"description\":\"En Avanza Gabinete de Psicolog\u00eda en Colmenar Viejo, Madrid, realizamos los planes de ajuste de personal y social para centros especiales de empleo.\",\"breadcrumb\":{\"@id\":\"https:\\\/\\\/www.psicologiacolmenar.es\\\/psicologo\\\/centros-especiales-de-empleo\\\/#breadcrumb\"},\"inLanguage\":\"es\",\"potentialAction\":[{\"@type\":\"ReadAction\",\"target\":[\"https:\\\/\\\/www.psicologiacolmenar.es\\\/psicologo\\\/centros-especiales-de-empleo\\\/\"]}]},{\"@type\":\"BreadcrumbList\",\"@id\":\"https:\\\/\\\/www.psicologiacolmenar.es\\\/psicologo\\\/centros-especiales-de-empleo\\\/#breadcrumb\",\"itemListElement\":[{\"@type\":\"ListItem\",\"position\":1,\"name\":\"Portada\",\"item\":\"https:\\\/\\\/www.psicologiacolmenar.es\\\/psicologo\\\/\"},{\"@type\":\"ListItem\",\"position\":2,\"name\":\"Centros Especiales de Empleo Planes de ajuste intervencion empleo social externalizaci\u00f3n de servicios\"}]},{\"@type\":\"WebSite\",\"@id\":\"https:\\\/\\\/www.psicologiacolmenar.es\\\/psicologo\\\/#website\",\"url\":\"https:\\\/\\\/www.psicologiacolmenar.es\\\/psicologo\\\/\",\"name\":\"Psicologos en Colmenar Viejo Madrid\",\"description\":\"Gabinete de psicologos y Centro de psicolog\u00eda en Colmenar Viejo\",\"potentialAction\":[{\"@type\":\"SearchAction\",\"target\":{\"@type\":\"EntryPoint\",\"urlTemplate\":\"https:\\\/\\\/www.psicologiacolmenar.es\\\/psicologo\\\/?s={search_term_string}\"},\"query-input\":{\"@type\":\"PropertyValueSpecification\",\"valueRequired\":true,\"valueName\":\"search_term_string\"}}],\"inLanguage\":\"es\"}]}<\/script>\n<!-- \/ Yoast SEO Premium plugin. -->","yoast_head_json":{"title":"Avanza Gabinete de Psicolog\u00eda - Centros Especiales de Empleo","description":"En Avanza Gabinete de Psicolog\u00eda en Colmenar Viejo, Madrid, realizamos los planes de ajuste de personal y social para centros especiales de empleo.","robots":{"index":"index","follow":"follow","max-snippet":"max-snippet:-1","max-image-preview":"max-image-preview:large","max-video-preview":"max-video-preview:-1"},"canonical":"https:\/\/www.psicologiacolmenar.es\/psicologo\/centros-especiales-de-empleo\/","og_locale":"es_ES","og_type":"article","og_title":"Centros Especiales de Empleo Planes de ajuste intervencion empleo social externalizaci\u00f3n de servicios","og_url":"https:\/\/www.psicologiacolmenar.es\/psicologo\/centros-especiales-de-empleo\/","og_site_name":"Psicologos en Colmenar Viejo Madrid","article_publisher":"https:\/\/www.facebook.com\/psicologocolmenar\/","article_modified_time":"2020-10-15T15:25:47+00:00","twitter_card":"summary_large_image","twitter_site":"@jmsanmartinps1","twitter_misc":{"Tiempo de lectura":"2 minutos"},"schema":{"@context":"https:\/\/schema.org","@graph":[{"@type":"WebPage","@id":"https:\/\/www.psicologiacolmenar.es\/psicologo\/centros-especiales-de-empleo\/","url":"https:\/\/www.psicologiacolmenar.es\/psicologo\/centros-especiales-de-empleo\/","name":"Avanza Gabinete de Psicolog\u00eda - Centros Especiales de Empleo","isPartOf":{"@id":"https:\/\/www.psicologiacolmenar.es\/psicologo\/#website"},"datePublished":"2017-07-24T09:03:26+00:00","dateModified":"2020-10-15T15:25:47+00:00","description":"En Avanza Gabinete de Psicolog\u00eda en Colmenar Viejo, Madrid, realizamos los planes de ajuste de personal y social para centros especiales de empleo.","breadcrumb":{"@id":"https:\/\/www.psicologiacolmenar.es\/psicologo\/centros-especiales-de-empleo\/#breadcrumb"},"inLanguage":"es","potentialAction":[{"@type":"ReadAction","target":["https:\/\/www.psicologiacolmenar.es\/psicologo\/centros-especiales-de-empleo\/"]}]},{"@type":"BreadcrumbList","@id":"https:\/\/www.psicologiacolmenar.es\/psicologo\/centros-especiales-de-empleo\/#breadcrumb","itemListElement":[{"@type":"ListItem","position":1,"name":"Portada","item":"https:\/\/www.psicologiacolmenar.es\/psicologo\/"},{"@type":"ListItem","position":2,"name":"Centros Especiales de Empleo Planes de ajuste intervencion empleo social externalizaci\u00f3n de servicios"}]},{"@type":"WebSite","@id":"https:\/\/www.psicologiacolmenar.es\/psicologo\/#website","url":"https:\/\/www.psicologiacolmenar.es\/psicologo\/","name":"Psicologos en Colmenar Viejo Madrid","description":"Gabinete de psicologos y Centro de psicolog\u00eda en Colmenar Viejo","potentialAction":[{"@type":"SearchAction","target":{"@type":"EntryPoint","urlTemplate":"https:\/\/www.psicologiacolmenar.es\/psicologo\/?s={search_term_string}"},"query-input":{"@type":"PropertyValueSpecification","valueRequired":true,"valueName":"search_term_string"}}],"inLanguage":"es"}]}},"_links":{"self":[{"href":"https:\/\/www.psicologiacolmenar.es\/psicologo\/wp-json\/wp\/v2\/pages\/52","targetHints":{"allow":["GET"]}}],"collection":[{"href":"https:\/\/www.psicologiacolmenar.es\/psicologo\/wp-json\/wp\/v2\/pages"}],"about":[{"href":"https:\/\/www.psicologiacolmenar.es\/psicologo\/wp-json\/wp\/v2\/types\/page"}],"author":[{"embeddable":true,"href":"https:\/\/www.psicologiacolmenar.es\/psicologo\/wp-json\/wp\/v2\/users\/2"}],"replies":[{"embeddable":true,"href":"https:\/\/www.psicologiacolmenar.es\/psicologo\/wp-json\/wp\/v2\/comments?post=52"}],"version-history":[{"count":5,"href":"https:\/\/www.psicologiacolmenar.es\/psicologo\/wp-json\/wp\/v2\/pages\/52\/revisions"}],"predecessor-version":[{"id":1217,"href":"https:\/\/www.psicologiacolmenar.es\/psicologo\/wp-json\/wp\/v2\/pages\/52\/revisions\/1217"}],"wp:attachment":[{"href":"https:\/\/www.psicologiacolmenar.es\/psicologo\/wp-json\/wp\/v2\/media?parent=52"}],"curies":[{"name":"wp","href":"https:\/\/api.w.org\/{rel}","templated":true}]}}