{"id":63,"date":"2017-07-24T09:17:55","date_gmt":"2017-07-24T09:17:55","guid":{"rendered":"http:\/\/psicologiacolmenar.es\/psicologo\/?page_id=63"},"modified":"2021-05-10T15:58:27","modified_gmt":"2021-05-10T15:58:27","slug":"terapia-para-adultos-colmenar","status":"publish","type":"page","link":"https:\/\/www.psicologiacolmenar.es\/psicologo\/terapias\/terapia-para-adultos-colmenar\/","title":{"rendered":"Terapia Adultos"},"content":{"rendered":"<p>[et_pb_section fb_built=\u00bb1&#8243; _builder_version=\u00bb3.22&#8243; custom_padding=\u00bb||0px|||\u00bb][et_pb_row column_structure=\u00bb1_3,2_3&#8243; _builder_version=\u00bb3.25&#8243; background_size=\u00bbinitial\u00bb background_position=\u00bbtop_left\u00bb background_repeat=\u00bbrepeat\u00bb min_height=\u00bb507px\u00bb][et_pb_column type=\u00bb1_3&#8243; _builder_version=\u00bb3.25&#8243; custom_padding=\u00bb|||\u00bb custom_padding__hover=\u00bb|||\u00bb][et_pb_image src=\u00bbhttps:\/\/www.psicologiacolmenar.es\/psicologo\/wp-content\/uploads\/2017\/07\/adultos-psicologia-colmenar-viejo.jpg\u00bb align=\u00bbcenter\u00bb _builder_version=\u00bb4.2.2&#8243; custom_margin=\u00bb|-48px||||\u00bb][\/et_pb_image][\/et_pb_column][et_pb_column type=\u00bb2_3&#8243; _builder_version=\u00bb3.25&#8243; custom_padding=\u00bb|||\u00bb custom_padding__hover=\u00bb|||\u00bb][et_pb_text _builder_version=\u00bb4.2.2&#8243; custom_margin=\u00bb|||10px||\u00bb hover_enabled=\u00bb0&#8243; border_style=\u00bbsolid\u00bb]<\/p>\n<h2 style=\"text-align: justify;\">Terapia para adultos en Colmenar Viejo<\/h2>\n<p style=\"text-align: justify;\">La <strong>terapia para adultos<\/strong> es un proceso en el que el psic\u00f3logo nos ayuda a identificar nuestros problemas y como interfieren en nuestra vida, tener un mayor conocimiento de nosotros mismos y lograr un estado de bienestar.<\/p>\n<p style=\"text-align: justify;\">En alg\u00fan momento de nuestra vida podemos estar desbordados por el estr\u00e9s, problemas del pasado, el nerviosismo o la desesperanza.<\/p>\n<p style=\"text-align: justify;\">Cuando estos problemas o el malestar que producen se intensifican cada vez m\u00e1s hasta el punto de interferir en nuestro desempe\u00f1o cotidiano, ya se ha nivel laboral, social, familiar o personal y sentimos que no tenemos la fuerza o los recursos para afrontarlos por nosotros mismos, es el momento de acudir al psic\u00f3logo.<\/p>\n<p style=\"text-align: justify;\">En la terapia para adultos de Avanza Gabinete de Psicolog\u00eda se realiza una primera entrevista sobre los aspectos vitales m\u00e1s importantes de la persona y de los motivos que le llevan a pedir ayuda.<\/p>\n<p style=\"text-align: justify;\">Las primeras sesiones de terapia est\u00e1n dirigidas a una adecuada evaluaci\u00f3n de la problem\u00e1tica.<\/p>\n<p style=\"text-align: justify;\">A partir de ah\u00ed, dise\u00f1amos el programa de intervenci\u00f3n m\u00e1s adecuado.<\/p>\n<p style=\"text-align: justify;\">La frecuencia de las sesiones de terapia depende de cada caso, siendo habitualmente semanales o quincenales, en un principio.<\/p>\n<p style=\"text-align: justify;\">El n\u00famero de sesiones ser\u00e1 el m\u00ednimo necesario<\/p>\n<p style=\"text-align: justify;\">\n[\/et_pb_text][\/et_pb_column][\/et_pb_row][\/et_pb_section][et_pb_section fb_built=\u00bb1&#8243; _builder_version=\u00bb3.22&#8243; custom_margin=\u00bb-35px|||||\u00bb custom_padding=\u00bb0px|||||\u00bb][et_pb_row _builder_version=\u00bb3.25&#8243; background_size=\u00bbinitial\u00bb background_position=\u00bbtop_left\u00bb background_repeat=\u00bbrepeat\u00bb custom_padding=\u00bb0px|||||\u00bb][et_pb_column type=\u00bb4_4&#8243; _builder_version=\u00bb3.25&#8243; custom_padding=\u00bb|||\u00bb custom_padding__hover=\u00bb|||\u00bb][et_pb_text _builder_version=\u00bb4.2.2&#8243; border_style=\u00bbsolid\u00bb]<\/p>\n<p style=\"text-align: justify;\">\n<h2 style=\"text-align: justify;\">\u00bfQu\u00e9 trastornos trata nuestra terapia?<\/h2>\n<p style=\"text-align: justify;\">La terapia de Avanza Gabinete de Psicolog\u00eda trata los siguientes trastornos:<\/p>\n<ul>\n<li style=\"text-align: justify;\">Trastornos emocionales<\/li>\n<li style=\"text-align: justify;\">Problemas en las relaciones interpersonales<\/li>\n<li style=\"text-align: justify;\">Adicciones<\/li>\n<li style=\"text-align: justify;\">Fobias<\/li>\n<li style=\"text-align: justify;\">Trastornos de la alimentaci\u00f3n<\/li>\n<li style=\"text-align: justify;\">Trastornos del sue\u00f1o<\/li>\n<li style=\"text-align: justify;\">Duelos<\/li>\n<li style=\"text-align: justify;\">Disfunciones sexuales, etc.<\/li>\n<\/ul>\n<h2>Otras terapias en Colmenar Viejo<\/h2>\n<p style=\"text-align: justify;\">Adem\u00e1s de nuestra terapia para adultos, en Avanza Gabinete de Psicolog\u00eda somos expertos en <a href=\"https:\/\/psicologiacolmenar.es\/psicologo\/terapia-infantil-colmenar-viejo\/\">Terapia Infanto-Juvenil<\/a>, <a href=\"https:\/\/psicologiacolmenar.es\/psicologo\/psicologo-para-especialista-en-casos-psicologia-de\/mayores-tercera-edad-psicologo-para-personas-adultas-mayores\/\">Terapia para Mayores<\/a>, <a href=\"https:\/\/psicologiacolmenar.es\/psicologo\/psicologo-para-especialista-en-casos-psicologia-de\/psicologo-para-terapia-de-pareja-en-colmenar-viejo-terapias-de-parejas-en-centro-psicologia-gabinete-psicologos\/\">Terapia para Parejas<\/a> y <a href=\"\/psicologo-para-especialista-en-casos-psicologia-de\/psicologo-para-familia-psicologos-de-familia-en-colmenar-viejo-psicologia-familiar-en-colmenar\/\">Terapia para Familias<\/a>.<\/p>\n<p>[\/et_pb_text][\/et_pb_column][\/et_pb_row][\/et_pb_section]<\/p>\n","protected":false},"excerpt":{"rendered":"<p>Terapia para adultos en Colmenar Viejo La terapia para adultos es un proceso en el que el psic\u00f3logo nos ayuda a identificar nuestros problemas y como interfieren en nuestra vida, tener un mayor conocimiento de nosotros mismos y lograr un estado de bienestar. En alg\u00fan momento de nuestra vida podemos estar desbordados por el estr\u00e9s, [&hellip;]<\/p>\n","protected":false},"author":2,"featured_media":0,"parent":59,"menu_order":0,"comment_status":"closed","ping_status":"closed","template":"","meta":{"_et_pb_use_builder":"on","_et_pb_old_content":"<strong>PSICOLOG\u00cdA ADULTOS<\/strong>\n\nEn las consultas con adultos, se realiza una primera entrevista sobre los aspectos vitales m\u00e1s importantes de la persona y de los motivos que le llevan a pedir ayuda. Las primeras sesiones est\u00e1n dirigidas a una adecuada evaluaci\u00f3n de la problem\u00e1tica, para, a partir de ah\u00ed, dise\u00f1ar el programa de intervenci\u00f3n m\u00e1s adecuado.\n\nLa frecuencia de las sesiones de terapia depende de cada caso, siendo habitualmente semanales o quincenales en un principio. El n\u00famero de sesiones ser\u00e1 el m\u00ednimo necesario.\n\nTRASTORNOS A TRATAR: Trastornos emocionales, problemas en las relaciones interpersonales, adicciones, fobias, trastornos de la alimentaci\u00f3n, trastornos del sue\u00f1o, duelos, disfunciones sexuales, etc.","_et_gb_content_width":"","footnotes":""},"class_list":["post-63","page","type-page","status-publish","hentry"],"yoast_head":"<!-- This site is optimized with the Yoast SEO Premium plugin v19.2.1 (Yoast SEO v27.4) - https:\/\/yoast.com\/product\/yoast-seo-premium-wordpress\/ -->\n<title>Terapia para Adultos en Colmenar Viejo - Avanza Gabinete de Psicologia<\/title>\n<meta name=\"description\" content=\"En nuestra terapia para adultos en Colmenar Viejo tratamos trastornos emocionales, problemas en las relaciones, fobias, duelos, etc.\" \/>\n<meta name=\"robots\" content=\"index, follow, max-snippet:-1, max-image-preview:large, max-video-preview:-1\" \/>\n<link rel=\"canonical\" href=\"https:\/\/www.psicologiacolmenar.es\/psicologo\/terapias\/terapia-para-adultos-colmenar\/\" \/>\n<meta property=\"og:locale\" content=\"es_ES\" \/>\n<meta property=\"og:type\" content=\"article\" \/>\n<meta property=\"og:title\" content=\"Terapia Adultos\" \/>\n<meta property=\"og:url\" content=\"https:\/\/www.psicologiacolmenar.es\/psicologo\/terapias\/terapia-para-adultos-colmenar\/\" \/>\n<meta property=\"og:site_name\" content=\"Psicologos en Colmenar Viejo Madrid\" \/>\n<meta property=\"article:publisher\" content=\"https:\/\/www.facebook.com\/psicologocolmenar\/\" \/>\n<meta property=\"article:modified_time\" content=\"2021-05-10T15:58:27+00:00\" \/>\n<meta name=\"twitter:card\" content=\"summary_large_image\" \/>\n<meta name=\"twitter:site\" content=\"@jmsanmartinps1\" \/>\n<meta name=\"twitter:label1\" content=\"Tiempo de lectura\" \/>\n\t<meta name=\"twitter:data1\" content=\"1 minuto\" \/>\n<script type=\"application\/ld+json\" class=\"yoast-schema-graph\">{\"@context\":\"https:\\\/\\\/schema.org\",\"@graph\":[{\"@type\":\"WebPage\",\"@id\":\"https:\\\/\\\/www.psicologiacolmenar.es\\\/psicologo\\\/terapias\\\/terapia-para-adultos-colmenar\\\/\",\"url\":\"https:\\\/\\\/www.psicologiacolmenar.es\\\/psicologo\\\/terapias\\\/terapia-para-adultos-colmenar\\\/\",\"name\":\"Terapia para Adultos en Colmenar Viejo - Avanza Gabinete de Psicologia\",\"isPartOf\":{\"@id\":\"https:\\\/\\\/www.psicologiacolmenar.es\\\/psicologo\\\/#website\"},\"datePublished\":\"2017-07-24T09:17:55+00:00\",\"dateModified\":\"2021-05-10T15:58:27+00:00\",\"description\":\"En nuestra terapia para adultos en Colmenar Viejo tratamos trastornos emocionales, problemas en las relaciones, fobias, duelos, etc.\",\"breadcrumb\":{\"@id\":\"https:\\\/\\\/www.psicologiacolmenar.es\\\/psicologo\\\/terapias\\\/terapia-para-adultos-colmenar\\\/#breadcrumb\"},\"inLanguage\":\"es\",\"potentialAction\":[{\"@type\":\"ReadAction\",\"target\":[\"https:\\\/\\\/www.psicologiacolmenar.es\\\/psicologo\\\/terapias\\\/terapia-para-adultos-colmenar\\\/\"]}]},{\"@type\":\"BreadcrumbList\",\"@id\":\"https:\\\/\\\/www.psicologiacolmenar.es\\\/psicologo\\\/terapias\\\/terapia-para-adultos-colmenar\\\/#breadcrumb\",\"itemListElement\":[{\"@type\":\"ListItem\",\"position\":1,\"name\":\"Portada\",\"item\":\"https:\\\/\\\/www.psicologiacolmenar.es\\\/psicologo\\\/\"},{\"@type\":\"ListItem\",\"position\":2,\"name\":\"Terapias\",\"item\":\"https:\\\/\\\/www.psicologiacolmenar.es\\\/psicologo\\\/terapias\\\/\"},{\"@type\":\"ListItem\",\"position\":3,\"name\":\"Terapia Adultos\"}]},{\"@type\":\"WebSite\",\"@id\":\"https:\\\/\\\/www.psicologiacolmenar.es\\\/psicologo\\\/#website\",\"url\":\"https:\\\/\\\/www.psicologiacolmenar.es\\\/psicologo\\\/\",\"name\":\"Psicologos en Colmenar Viejo Madrid\",\"description\":\"Gabinete de psicologos y Centro de psicolog\u00eda en Colmenar Viejo\",\"potentialAction\":[{\"@type\":\"SearchAction\",\"target\":{\"@type\":\"EntryPoint\",\"urlTemplate\":\"https:\\\/\\\/www.psicologiacolmenar.es\\\/psicologo\\\/?s={search_term_string}\"},\"query-input\":{\"@type\":\"PropertyValueSpecification\",\"valueRequired\":true,\"valueName\":\"search_term_string\"}}],\"inLanguage\":\"es\"}]}<\/script>\n<!-- \/ Yoast SEO Premium plugin. -->","yoast_head_json":{"title":"Terapia para Adultos en Colmenar Viejo - Avanza Gabinete de Psicologia","description":"En nuestra terapia para adultos en Colmenar Viejo tratamos trastornos emocionales, problemas en las relaciones, fobias, duelos, etc.","robots":{"index":"index","follow":"follow","max-snippet":"max-snippet:-1","max-image-preview":"max-image-preview:large","max-video-preview":"max-video-preview:-1"},"canonical":"https:\/\/www.psicologiacolmenar.es\/psicologo\/terapias\/terapia-para-adultos-colmenar\/","og_locale":"es_ES","og_type":"article","og_title":"Terapia Adultos","og_url":"https:\/\/www.psicologiacolmenar.es\/psicologo\/terapias\/terapia-para-adultos-colmenar\/","og_site_name":"Psicologos en Colmenar Viejo Madrid","article_publisher":"https:\/\/www.facebook.com\/psicologocolmenar\/","article_modified_time":"2021-05-10T15:58:27+00:00","twitter_card":"summary_large_image","twitter_site":"@jmsanmartinps1","twitter_misc":{"Tiempo de lectura":"1 minuto"},"schema":{"@context":"https:\/\/schema.org","@graph":[{"@type":"WebPage","@id":"https:\/\/www.psicologiacolmenar.es\/psicologo\/terapias\/terapia-para-adultos-colmenar\/","url":"https:\/\/www.psicologiacolmenar.es\/psicologo\/terapias\/terapia-para-adultos-colmenar\/","name":"Terapia para Adultos en Colmenar Viejo - Avanza Gabinete de Psicologia","isPartOf":{"@id":"https:\/\/www.psicologiacolmenar.es\/psicologo\/#website"},"datePublished":"2017-07-24T09:17:55+00:00","dateModified":"2021-05-10T15:58:27+00:00","description":"En nuestra terapia para adultos en Colmenar Viejo tratamos trastornos emocionales, problemas en las relaciones, fobias, duelos, etc.","breadcrumb":{"@id":"https:\/\/www.psicologiacolmenar.es\/psicologo\/terapias\/terapia-para-adultos-colmenar\/#breadcrumb"},"inLanguage":"es","potentialAction":[{"@type":"ReadAction","target":["https:\/\/www.psicologiacolmenar.es\/psicologo\/terapias\/terapia-para-adultos-colmenar\/"]}]},{"@type":"BreadcrumbList","@id":"https:\/\/www.psicologiacolmenar.es\/psicologo\/terapias\/terapia-para-adultos-colmenar\/#breadcrumb","itemListElement":[{"@type":"ListItem","position":1,"name":"Portada","item":"https:\/\/www.psicologiacolmenar.es\/psicologo\/"},{"@type":"ListItem","position":2,"name":"Terapias","item":"https:\/\/www.psicologiacolmenar.es\/psicologo\/terapias\/"},{"@type":"ListItem","position":3,"name":"Terapia Adultos"}]},{"@type":"WebSite","@id":"https:\/\/www.psicologiacolmenar.es\/psicologo\/#website","url":"https:\/\/www.psicologiacolmenar.es\/psicologo\/","name":"Psicologos en Colmenar Viejo Madrid","description":"Gabinete de psicologos y Centro de psicolog\u00eda en Colmenar Viejo","potentialAction":[{"@type":"SearchAction","target":{"@type":"EntryPoint","urlTemplate":"https:\/\/www.psicologiacolmenar.es\/psicologo\/?s={search_term_string}"},"query-input":{"@type":"PropertyValueSpecification","valueRequired":true,"valueName":"search_term_string"}}],"inLanguage":"es"}]}},"_links":{"self":[{"href":"https:\/\/www.psicologiacolmenar.es\/psicologo\/wp-json\/wp\/v2\/pages\/63","targetHints":{"allow":["GET"]}}],"collection":[{"href":"https:\/\/www.psicologiacolmenar.es\/psicologo\/wp-json\/wp\/v2\/pages"}],"about":[{"href":"https:\/\/www.psicologiacolmenar.es\/psicologo\/wp-json\/wp\/v2\/types\/page"}],"author":[{"embeddable":true,"href":"https:\/\/www.psicologiacolmenar.es\/psicologo\/wp-json\/wp\/v2\/users\/2"}],"replies":[{"embeddable":true,"href":"https:\/\/www.psicologiacolmenar.es\/psicologo\/wp-json\/wp\/v2\/comments?post=63"}],"version-history":[{"count":5,"href":"https:\/\/www.psicologiacolmenar.es\/psicologo\/wp-json\/wp\/v2\/pages\/63\/revisions"}],"predecessor-version":[{"id":1347,"href":"https:\/\/www.psicologiacolmenar.es\/psicologo\/wp-json\/wp\/v2\/pages\/63\/revisions\/1347"}],"up":[{"embeddable":true,"href":"https:\/\/www.psicologiacolmenar.es\/psicologo\/wp-json\/wp\/v2\/pages\/59"}],"wp:attachment":[{"href":"https:\/\/www.psicologiacolmenar.es\/psicologo\/wp-json\/wp\/v2\/media?parent=63"}],"curies":[{"name":"wp","href":"https:\/\/api.w.org\/{rel}","templated":true}]}}