{"id":66,"date":"2017-07-24T10:05:26","date_gmt":"2017-07-24T10:05:26","guid":{"rendered":"http:\/\/psicologiacolmenar.es\/psicologo\/?page_id=66"},"modified":"2018-11-19T18:41:06","modified_gmt":"2018-11-19T18:41:06","slug":"tercera-edad","status":"publish","type":"page","link":"https:\/\/www.psicologiacolmenar.es\/psicologo\/terapias\/tercera-edad\/","title":{"rendered":"Terapia para 3\u00aa Edad"},"content":{"rendered":"<p>[et_pb_section fb_built=\u00bb1&#8243; fullwidth=\u00bbon\u00bb _builder_version=\u00bb3.0.47&#8243;][et_pb_fullwidth_header title=\u00bbPERSONAS MAYORES\u00bb background_overlay_color=\u00bbrgba(37,91,125,0.2)\u00bb _builder_version=\u00bb3.2&#8243; background_color=\u00bbrgba(255, 255, 255, 0)\u00bb background_image=\u00bbhttps:\/\/psicologiacolmenar.es\/psicologo\/wp-content\/uploads\/2017\/07\/personas-mayores-psicologia-colmenar-viejo.jpg\u00bb][\/et_pb_fullwidth_header][\/et_pb_section][et_pb_section fb_built=\u00bb1&#8243; _builder_version=\u00bb3.0.47&#8243;][et_pb_row _builder_version=\u00bb3.0.47&#8243; background_size=\u00bbinitial\u00bb background_position=\u00bbtop_left\u00bb background_repeat=\u00bbrepeat\u00bb][et_pb_column type=\u00bb1_3&#8243; _builder_version=\u00bb3.0.47&#8243; parallax=\u00bboff\u00bb parallax_method=\u00bbon\u00bb][et_pb_image src=\u00bbhttps:\/\/psicologiacolmenar.es\/psicologo\/wp-content\/uploads\/2017\/07\/personas-mayores-psicologia-madrid-colmenar.jpg\u00bb align=\u00bbcenter\u00bb _builder_version=\u00bb3.0.64&#8243; animation_style=\u00bbslide\u00bb animation_direction=\u00bbleft\u00bb animation_duration=\u00bb500ms\u00bb animation_intensity_slide=\u00bb10%\u00bb custom_css_main_element=\u00bb-webkit-clip-path: polygon(100% 0, 100% 94%, 15% 100%, 0 94%, 0 0);||clip-path: polygon(100% 0, 100% 94%, 15% 100%, 0 94%, 0 0);\u00bb border_style=\u00bbsolid\u00bb sticky=\u00bboff\u00bb][\/et_pb_image][\/et_pb_column][et_pb_column type=\u00bb2_3&#8243; _builder_version=\u00bb3.0.47&#8243; parallax=\u00bboff\u00bb parallax_method=\u00bbon\u00bb][et_pb_text _builder_version=\u00bb3.2.1&#8243; border_style=\u00bbsolid\u00bb]<\/p>\n<p style=\"text-align: justify;\">Envejecer es inherente al ser humano, todos y cada uno de nosotros pasaremos por este proceso de cambio vital. Una de las realidades que debemos conocer es que es un proceso de alta complejidad y no siempre se consigue avanzar en la madurez de manera flexible y adaptativa.<\/p>\n<h2 style=\"text-align: justify;\">\u00bfEn que consiste nuestra terapia para la tercera edad?<\/h2>\n<p style=\"text-align: justify;\">En <strong>Avanza Gabinete de Psicolog\u00eda<\/strong>, ofrecemos un adecuado diagn\u00f3stico de la problem\u00e1tica, proporcionando estrategias de afrontamiento e intervenci\u00f3n tanto a la persona mayor como a sus familiares y cuidadores.<\/p>\n<h2 style=\"text-align: justify;\">Trastornos de la tercera edad<\/h2>\n<p style=\"text-align: justify;\">Nuestro <strong>Gabinete de Psicolog\u00eda en Colmenar Viejo<\/strong>, trata los siguientes trastornos: trastornos emocionales, trastornos en la alimentaci\u00f3n o sue\u00f1o, cuadros confusionales, demencias, etc.<\/p>\n<h2>Otras terapias en Colmenar Viejo<\/h2>\n<p>Adem\u00e1s de nuestra <strong>terapia para mayores<\/strong>, en Avanza Gabinete de Psicolog\u00eda somos expertos en <a href=\"https:\/\/psicologiacolmenar.es\/psicologo\/terapia-infantil-colmenar-viejo\/\">Terapia Infanto-Juvenil<\/a>, <a href=\"https:\/\/psicologiacolmenar.es\/psicologo\/terapias\/terapia-para-adultos-colmenar\">Terapia para Adultos<\/a>,\u00a0<a href=\"https:\/\/psicologiacolmenar.es\/psicologo\/psicologo-para-especialista-en-casos-psicologia-de\/psicologo-para-terapia-de-pareja-en-colmenar-viejo-terapias-de-parejas-en-centro-psicologia-gabinete-psicologos\/\">Terapia para Parejas<\/a> y <a href=\"https:\/\/psicologiacolmenar.es\/psicologo\/psicologo-para-especialista-en-casos-psicologia-de\/psicologo-para-familia-psicologos-de-familia-en-colmenar-viejo-psicologia-familiar-en-colmenar\/\">Terapia para Familias<\/a>.<\/p>\n<p>[\/et_pb_text][\/et_pb_column][\/et_pb_row][\/et_pb_section]<\/p>\n","protected":false},"excerpt":{"rendered":"<p>Envejecer es inherente al ser humano, todos y cada uno de nosotros pasaremos por este proceso de cambio vital. Una de las realidades que debemos conocer es que es un proceso de alta complejidad y no siempre se consigue avanzar en la madurez de manera flexible y adaptativa. \u00bfEn que consiste nuestra terapia para la [&hellip;]<\/p>\n","protected":false},"author":2,"featured_media":0,"parent":59,"menu_order":0,"comment_status":"closed","ping_status":"closed","template":"","meta":{"_et_pb_use_builder":"on","_et_pb_old_content":"<h4>PERSONAS MAYORES<\/h4>\r\nEnvejecer es inherente al ser humano, todos y cada uno de nosotros pasaremos por este proceso de cambio vital. Una de las realidades que debemos conocer es que es un proceso de alta complejidad y no siempre se consigue avanzar en la madurez de manera flexible y adaptativa.\r\n\r\nEn <strong>Avanza Gabinete de Psicolog\u00eda<\/strong>, ofrecemos un adecuado diagn\u00f3stico de la problem\u00e1tica, proporcionando estrategias de afrontamiento e intervenci\u00f3n tanto a la persona mayor como a sus familiares y cuidadores.\r\n\r\nTRASTORNOS A TRATAR: trastornos emocionales, trastornos en la alimentaci\u00f3n o sue\u00f1o, cuadros confusionales, demencias, etc.","_et_gb_content_width":"","footnotes":""},"class_list":["post-66","page","type-page","status-publish","hentry"],"yoast_head":"<!-- This site is optimized with the Yoast SEO Premium plugin v19.2.1 (Yoast SEO v27.5) - https:\/\/yoast.com\/product\/yoast-seo-premium-wordpress\/ -->\n<title>Avanza Psicolog\u00eda - Terapia para la tercera edad en Colmenar Viejo<\/title>\n<meta name=\"description\" content=\"La terapia para tercera edad de Avanza Gabinete de Psicolog\u00eda da respuesta a los problemas que pueden surgir en personas mayores como demencia o alzheimer.\" \/>\n<meta name=\"robots\" content=\"index, follow, max-snippet:-1, max-image-preview:large, max-video-preview:-1\" \/>\n<link rel=\"canonical\" href=\"https:\/\/www.psicologiacolmenar.es\/psicologo\/terapias\/tercera-edad\/\" \/>\n<meta property=\"og:locale\" content=\"es_ES\" \/>\n<meta property=\"og:type\" content=\"article\" \/>\n<meta property=\"og:title\" content=\"Terapia para 3\u00aa Edad\" \/>\n<meta property=\"og:url\" content=\"https:\/\/www.psicologiacolmenar.es\/psicologo\/terapias\/tercera-edad\/\" \/>\n<meta property=\"og:site_name\" content=\"Psicologos en Colmenar Viejo Madrid\" \/>\n<meta property=\"article:publisher\" content=\"https:\/\/www.facebook.com\/psicologocolmenar\/\" \/>\n<meta property=\"article:modified_time\" content=\"2018-11-19T18:41:06+00:00\" \/>\n<meta name=\"twitter:card\" content=\"summary_large_image\" \/>\n<meta name=\"twitter:site\" content=\"@jmsanmartinps1\" \/>\n<meta name=\"twitter:label1\" content=\"Tiempo de lectura\" \/>\n\t<meta name=\"twitter:data1\" content=\"2 minutos\" \/>\n<script type=\"application\/ld+json\" class=\"yoast-schema-graph\">{\"@context\":\"https:\\\/\\\/schema.org\",\"@graph\":[{\"@type\":\"WebPage\",\"@id\":\"https:\\\/\\\/www.psicologiacolmenar.es\\\/psicologo\\\/terapias\\\/tercera-edad\\\/\",\"url\":\"https:\\\/\\\/www.psicologiacolmenar.es\\\/psicologo\\\/terapias\\\/tercera-edad\\\/\",\"name\":\"Avanza Psicolog\u00eda - Terapia para la tercera edad en Colmenar Viejo\",\"isPartOf\":{\"@id\":\"https:\\\/\\\/www.psicologiacolmenar.es\\\/psicologo\\\/#website\"},\"datePublished\":\"2017-07-24T10:05:26+00:00\",\"dateModified\":\"2018-11-19T18:41:06+00:00\",\"description\":\"La terapia para tercera edad de Avanza Gabinete de Psicolog\u00eda da respuesta a los problemas que pueden surgir en personas mayores como demencia o alzheimer.\",\"breadcrumb\":{\"@id\":\"https:\\\/\\\/www.psicologiacolmenar.es\\\/psicologo\\\/terapias\\\/tercera-edad\\\/#breadcrumb\"},\"inLanguage\":\"es\",\"potentialAction\":[{\"@type\":\"ReadAction\",\"target\":[\"https:\\\/\\\/www.psicologiacolmenar.es\\\/psicologo\\\/terapias\\\/tercera-edad\\\/\"]}]},{\"@type\":\"BreadcrumbList\",\"@id\":\"https:\\\/\\\/www.psicologiacolmenar.es\\\/psicologo\\\/terapias\\\/tercera-edad\\\/#breadcrumb\",\"itemListElement\":[{\"@type\":\"ListItem\",\"position\":1,\"name\":\"Portada\",\"item\":\"https:\\\/\\\/www.psicologiacolmenar.es\\\/psicologo\\\/\"},{\"@type\":\"ListItem\",\"position\":2,\"name\":\"Terapias\",\"item\":\"https:\\\/\\\/www.psicologiacolmenar.es\\\/psicologo\\\/terapias\\\/\"},{\"@type\":\"ListItem\",\"position\":3,\"name\":\"Terapia para 3\u00aa Edad\"}]},{\"@type\":\"WebSite\",\"@id\":\"https:\\\/\\\/www.psicologiacolmenar.es\\\/psicologo\\\/#website\",\"url\":\"https:\\\/\\\/www.psicologiacolmenar.es\\\/psicologo\\\/\",\"name\":\"Psicologos en Colmenar Viejo Madrid\",\"description\":\"Gabinete de psicologos y Centro de psicolog\u00eda en Colmenar Viejo\",\"potentialAction\":[{\"@type\":\"SearchAction\",\"target\":{\"@type\":\"EntryPoint\",\"urlTemplate\":\"https:\\\/\\\/www.psicologiacolmenar.es\\\/psicologo\\\/?s={search_term_string}\"},\"query-input\":{\"@type\":\"PropertyValueSpecification\",\"valueRequired\":true,\"valueName\":\"search_term_string\"}}],\"inLanguage\":\"es\"}]}<\/script>\n<!-- \/ Yoast SEO Premium plugin. -->","yoast_head_json":{"title":"Avanza Psicolog\u00eda - Terapia para la tercera edad en Colmenar Viejo","description":"La terapia para tercera edad de Avanza Gabinete de Psicolog\u00eda da respuesta a los problemas que pueden surgir en personas mayores como demencia o alzheimer.","robots":{"index":"index","follow":"follow","max-snippet":"max-snippet:-1","max-image-preview":"max-image-preview:large","max-video-preview":"max-video-preview:-1"},"canonical":"https:\/\/www.psicologiacolmenar.es\/psicologo\/terapias\/tercera-edad\/","og_locale":"es_ES","og_type":"article","og_title":"Terapia para 3\u00aa Edad","og_url":"https:\/\/www.psicologiacolmenar.es\/psicologo\/terapias\/tercera-edad\/","og_site_name":"Psicologos en Colmenar Viejo Madrid","article_publisher":"https:\/\/www.facebook.com\/psicologocolmenar\/","article_modified_time":"2018-11-19T18:41:06+00:00","twitter_card":"summary_large_image","twitter_site":"@jmsanmartinps1","twitter_misc":{"Tiempo de lectura":"2 minutos"},"schema":{"@context":"https:\/\/schema.org","@graph":[{"@type":"WebPage","@id":"https:\/\/www.psicologiacolmenar.es\/psicologo\/terapias\/tercera-edad\/","url":"https:\/\/www.psicologiacolmenar.es\/psicologo\/terapias\/tercera-edad\/","name":"Avanza Psicolog\u00eda - Terapia para la tercera edad en Colmenar Viejo","isPartOf":{"@id":"https:\/\/www.psicologiacolmenar.es\/psicologo\/#website"},"datePublished":"2017-07-24T10:05:26+00:00","dateModified":"2018-11-19T18:41:06+00:00","description":"La terapia para tercera edad de Avanza Gabinete de Psicolog\u00eda da respuesta a los problemas que pueden surgir en personas mayores como demencia o alzheimer.","breadcrumb":{"@id":"https:\/\/www.psicologiacolmenar.es\/psicologo\/terapias\/tercera-edad\/#breadcrumb"},"inLanguage":"es","potentialAction":[{"@type":"ReadAction","target":["https:\/\/www.psicologiacolmenar.es\/psicologo\/terapias\/tercera-edad\/"]}]},{"@type":"BreadcrumbList","@id":"https:\/\/www.psicologiacolmenar.es\/psicologo\/terapias\/tercera-edad\/#breadcrumb","itemListElement":[{"@type":"ListItem","position":1,"name":"Portada","item":"https:\/\/www.psicologiacolmenar.es\/psicologo\/"},{"@type":"ListItem","position":2,"name":"Terapias","item":"https:\/\/www.psicologiacolmenar.es\/psicologo\/terapias\/"},{"@type":"ListItem","position":3,"name":"Terapia para 3\u00aa Edad"}]},{"@type":"WebSite","@id":"https:\/\/www.psicologiacolmenar.es\/psicologo\/#website","url":"https:\/\/www.psicologiacolmenar.es\/psicologo\/","name":"Psicologos en Colmenar Viejo Madrid","description":"Gabinete de psicologos y Centro de psicolog\u00eda en Colmenar Viejo","potentialAction":[{"@type":"SearchAction","target":{"@type":"EntryPoint","urlTemplate":"https:\/\/www.psicologiacolmenar.es\/psicologo\/?s={search_term_string}"},"query-input":{"@type":"PropertyValueSpecification","valueRequired":true,"valueName":"search_term_string"}}],"inLanguage":"es"}]}},"_links":{"self":[{"href":"https:\/\/www.psicologiacolmenar.es\/psicologo\/wp-json\/wp\/v2\/pages\/66","targetHints":{"allow":["GET"]}}],"collection":[{"href":"https:\/\/www.psicologiacolmenar.es\/psicologo\/wp-json\/wp\/v2\/pages"}],"about":[{"href":"https:\/\/www.psicologiacolmenar.es\/psicologo\/wp-json\/wp\/v2\/types\/page"}],"author":[{"embeddable":true,"href":"https:\/\/www.psicologiacolmenar.es\/psicologo\/wp-json\/wp\/v2\/users\/2"}],"replies":[{"embeddable":true,"href":"https:\/\/www.psicologiacolmenar.es\/psicologo\/wp-json\/wp\/v2\/comments?post=66"}],"version-history":[{"count":5,"href":"https:\/\/www.psicologiacolmenar.es\/psicologo\/wp-json\/wp\/v2\/pages\/66\/revisions"}],"predecessor-version":[{"id":1080,"href":"https:\/\/www.psicologiacolmenar.es\/psicologo\/wp-json\/wp\/v2\/pages\/66\/revisions\/1080"}],"up":[{"embeddable":true,"href":"https:\/\/www.psicologiacolmenar.es\/psicologo\/wp-json\/wp\/v2\/pages\/59"}],"wp:attachment":[{"href":"https:\/\/www.psicologiacolmenar.es\/psicologo\/wp-json\/wp\/v2\/media?parent=66"}],"curies":[{"name":"wp","href":"https:\/\/api.w.org\/{rel}","templated":true}]}}

Terapia para 3ª Edad

<p>[et_pb_section fb_built=»1&#8243; fullwidth=»on» _builder_version=»3.0.47&#8243;][et_pb_fullwidth_header title=»PERSONAS MAYORES» background_overlay_color=»rgba(37,91,125,0.2)» _builder_version=»3.2&#8243; background_color=»rgba(255, 255, 255, 0)» background_image=»https://psicologiacolmenar.es/psicologo/wp-content/uploads/2017/07/personas-mayores-psicologia-colmenar-viejo.jpg»][/et_pb_fullwidth_header][/et_pb_section][et_pb_section fb_built=»1&#8243; _builder_version=»3.0.47&#8243;][et_pb_row _builder_version=»3.0.47&#8243; background_size=»initial» background_position=»top_left» background_repeat=»repeat»][et_pb_column type=»1_3&#8243; _builder_version=»3.0.47&#8243; parallax=»off» parallax_method=»on»][et_pb_image src=»https://psicologiacolmenar.es/psicologo/wp-content/uploads/2017/07/personas-mayores-psicologia-madrid-colmenar.jpg» align=»center» _builder_version=»3.0.64&#8243; animation_style=»slide» animation_direction=»left» animation_duration=»500ms» animation_intensity_slide=»10%» custom_css_main_element=»-webkit-clip-path: polygon(100% 0, 100% 94%, 15% 100%, 0 94%, 0 0);||clip-path: polygon(100% 0, 100% 94%, 15% 100%, 0 94%, 0 0);» border_style=»solid» sticky=»off»][/et_pb_image][/et_pb_column][et_pb_column type=»2_3&#8243; _builder_version=»3.0.47&#8243; parallax=»off» parallax_method=»on»][et_pb_text _builder_version=»3.2.1&#8243; border_style=»solid»]</p>
<p style="text-align: justify;">Envejecer es inherente al ser humano, todos y cada uno de nosotros pasaremos por este proceso de cambio vital. Una de las realidades que debemos conocer es que es un proceso de alta complejidad y no siempre se consigue avanzar en la madurez de manera flexible y adaptativa.</p>
<h2 style="text-align: justify;">¿En que consiste nuestra terapia para la tercera edad?</h2>
<p style="text-align: justify;">En <strong>Avanza Gabinete de Psicología</strong>, ofrecemos un adecuado diagnóstico de la problemática, proporcionando estrategias de afrontamiento e intervención tanto a la persona mayor como a sus familiares y cuidadores.</p>
<h2 style="text-align: justify;">Trastornos de la tercera edad</h2>
<p style="text-align: justify;">Nuestro <strong>Gabinete de Psicología en Colmenar Viejo</strong>, trata los siguientes trastornos: trastornos emocionales, trastornos en la alimentación o sueño, cuadros confusionales, demencias, etc.</p>
<h2>Otras terapias en Colmenar Viejo</h2>
<p>Además de nuestra <strong>terapia para mayores</strong>, en Avanza Gabinete de Psicología somos expertos en <a href="https://psicologiacolmenar.es/psicologo/terapia-infantil-colmenar-viejo/">Terapia Infanto-Juvenil</a>, <a href="https://psicologiacolmenar.es/psicologo/terapias/terapia-para-adultos-colmenar">Terapia para Adultos</a>, <a href="https://psicologiacolmenar.es/psicologo/psicologo-para-especialista-en-casos-psicologia-de/psicologo-para-terapia-de-pareja-en-colmenar-viejo-terapias-de-parejas-en-centro-psicologia-gabinete-psicologos/">Terapia para Parejas</a> y <a href="https://psicologiacolmenar.es/psicologo/psicologo-para-especialista-en-casos-psicologia-de/psicologo-para-familia-psicologos-de-familia-en-colmenar-viejo-psicologia-familiar-en-colmenar/">Terapia para Familias</a>.</p>
<p>[/et_pb_text][/et_pb_column][/et_pb_row][/et_pb_section]</p>

<h4>PERSONAS MAYORES</h4>
Envejecer es inherente al ser humano, todos y cada uno de nosotros pasaremos por este proceso de cambio vital. Una de las realidades que debemos conocer es que es un proceso de alta complejidad y no siempre se consigue avanzar en la madurez de manera flexible y adaptativa.

En <strong>Avanza Gabinete de Psicología</strong>, ofrecemos un adecuado diagnóstico de la problemática, proporcionando estrategias de afrontamiento e intervención tanto a la persona mayor como a sus familiares y cuidadores.

TRASTORNOS A TRATAR: trastornos emocionales, trastornos en la alimentación o sueño, cuadros confusionales, demencias, etc.

<!-- This site is optimized with the Yoast SEO Premium plugin v19.2.1 (Yoast SEO v27.5) - https://yoast.com/product/yoast-seo-premium-wordpress/ -->
<title>Avanza Psicología - Terapia para la tercera edad en Colmenar Viejo</title>
<meta name="description" content="La terapia para tercera edad de Avanza Gabinete de Psicología da respuesta a los problemas que pueden surgir en personas mayores como demencia o alzheimer." />
<meta name="robots" content="index, follow, max-snippet:-1, max-image-preview:large, max-video-preview:-1" />
<link rel="canonical" href="https://www.psicologiacolmenar.es/psicologo/terapias/tercera-edad/" />
<meta property="og:locale" content="es_ES" />
<meta property="og:type" content="article" />
<meta property="og:title" content="Terapia para 3ª Edad" />
<meta property="og:url" content="https://www.psicologiacolmenar.es/psicologo/terapias/tercera-edad/" />
<meta property="og:site_name" content="Psicologos en Colmenar Viejo Madrid" />
<meta property="article:publisher" content="https://www.facebook.com/psicologocolmenar/" />
<meta property="article:modified_time" content="2018-11-19T18:41:06+00:00" />
<meta name="twitter:card" content="summary_large_image" />
<meta name="twitter:site" content="@jmsanmartinps1" />
<meta name="twitter:label1" content="Tiempo de lectura" />
	<meta name="twitter:data1" content="2 minutos" />
<script type="application/ld+json" class="yoast-schema-graph">{"@context":"https:\/\/schema.org","@graph":[{"@type":"WebPage","@id":"https:\/\/www.psicologiacolmenar.es\/psicologo\/terapias\/tercera-edad\/","url":"https:\/\/www.psicologiacolmenar.es\/psicologo\/terapias\/tercera-edad\/","name":"Avanza Psicología - Terapia para la tercera edad en Colmenar Viejo","isPartOf":{"@id":"https:\/\/www.psicologiacolmenar.es\/psicologo\/#website"},"datePublished":"2017-07-24T10:05:26+00:00","dateModified":"2018-11-19T18:41:06+00:00","description":"La terapia para tercera edad de Avanza Gabinete de Psicología da respuesta a los problemas que pueden surgir en personas mayores como demencia o alzheimer.","breadcrumb":{"@id":"https:\/\/www.psicologiacolmenar.es\/psicologo\/terapias\/tercera-edad\/#breadcrumb"},"inLanguage":"es","potentialAction":[{"@type":"ReadAction","target":["https:\/\/www.psicologiacolmenar.es\/psicologo\/terapias\/tercera-edad\/"]}]},{"@type":"BreadcrumbList","@id":"https:\/\/www.psicologiacolmenar.es\/psicologo\/terapias\/tercera-edad\/#breadcrumb","itemListElement":[{"@type":"ListItem","position":1,"name":"Portada","item":"https:\/\/www.psicologiacolmenar.es\/psicologo\/"},{"@type":"ListItem","position":2,"name":"Terapias","item":"https:\/\/www.psicologiacolmenar.es\/psicologo\/terapias\/"},{"@type":"ListItem","position":3,"name":"Terapia para 3ª Edad"}]},{"@type":"WebSite","@id":"https:\/\/www.psicologiacolmenar.es\/psicologo\/#website","url":"https:\/\/www.psicologiacolmenar.es\/psicologo\/","name":"Psicologos en Colmenar Viejo Madrid","description":"Gabinete de psicologos y Centro de psicología en Colmenar Viejo","potentialAction":[{"@type":"SearchAction","target":{"@type":"EntryPoint","urlTemplate":"https:\/\/www.psicologiacolmenar.es\/psicologo\/?s={search_term_string}"},"query-input":{"@type":"PropertyValueSpecification","valueRequired":true,"valueName":"search_term_string"}}],"inLanguage":"es"}]}</script>
<!-- / Yoast SEO Premium plugin. -->

Avanza Psicología - Terapia para la tercera edad en Colmenar Viejo

La terapia para tercera edad de Avanza Gabinete de Psicología da respuesta a los problemas que pueden surgir en personas mayores como demencia o alzheimer.

Gabinete de psicologos y Centro de psicología en Colmenar Viejo
